{"id":53,"date":"2026-04-09T19:52:37","date_gmt":"2026-04-09T19:52:37","guid":{"rendered":"https:\/\/primmoplusbau.de\/?page_id=53"},"modified":"2026-04-09T19:52:44","modified_gmt":"2026-04-09T19:52:44","slug":"impressum","status":"publish","type":"page","link":"https:\/\/primmoplusbau.de\/?page_id=53","title":{"rendered":"impressum"},"content":{"rendered":"\n  \n    <section class=\"u-align-center u-clearfix u-white u-section-1\" id=\"carousel_8abc\">\n      <div class=\"u-expanded-width u-grey-80 u-shape u-shape-rectangle u-shape-1\"><\/div>\n      <div class=\"u-border-10 u-border-grey-80 u-image u-image-circle u-image-1\" alt=\"\" data-image-width=\"5616\" data-image-height=\"3744\" style=\"background-image: url(&quot;https:\/\/primmoplusbau.de\/wp-content\/uploads\/2026\/04\/205914739-0.jpeg&quot;);\"><\/div>\n      <h2 class=\"u-align-right u-custom-font u-font-montserrat u-text u-text-body-alt-color u-text-1\">Impressum<\/h2>\n      <p class=\"u-align-right u-text u-text-body-alt-color u-text-2\">Angaben gem\u00e4\u00df \u00a75 TGM<br>\n      <\/p>\n      <p class=\"u-align-left u-custom-font u-font-montserrat u-text u-text-3\"><b><\/b><b>Primmoplus GmbH &amp; Co. KG<\/b>\n        <br>Weingartenstra\u00dfe 83\/2<br>77933 Lahr<br>\n      <\/p>\n      <p class=\"u-align-left u-custom-font u-font-montserrat u-text u-text-4\"><span style=\"font-weight: 700;\"><\/span>Gesch\u00e4ftsf\u00fchrer: Artur Schleicher<br>Gerichtsstand ist Freiburg im Breisgau<br>\u2013 HRA 703036<br>\u2013 HRB 708978\n      <\/p>\n      <p class=\"u-align-left u-custom-font u-font-montserrat u-text u-text-5\"><span style=\"font-weight: 700;\"><\/span>Umsatzsteueridentifikationsnummer: DE 815394510<br>Berufskammer: Industrie- und Handelskammer in Lahr<br>Berufsaufsichtsbeh\u00f6rde:&nbsp;<br>Landratsamt Ortenaukreis<br>Badstra\u00dfe 20<br>77652 Offenburg\n      <\/p>\n      <p class=\"u-align-left u-custom-font u-font-montserrat u-text u-text-6\"><b>f\u00fcr den Inhalt verantwortlich:<\/b>\n        <br>Artur Schleicher<br>Weingartenstra\u00dfe 83\/2<br>77933 LahrKontakt<br>Tel: +49 (0) 781 94 85 88 \u2013 10<br>Fax: +49 (0) 781 94 85 88 \u2013 19<br>E-Mail:&nbsp;<a href=\"mailto:schleicher@primmoplus.de\" class=\"u-active-none u-border-none u-btn u-button-style u-hover-none u-none u-text-palette-1-base u-btn-1\">info@primmoplus.de<\/a>\n      <\/p>\n      <p class=\"u-align-left u-custom-font u-font-montserrat u-text u-text-7\"><b>Verbraucherinformation zur Online-Streitbeilegung gem\u00e4\u00df Verordnung (EU) Nr. 524\/2013:<br><\/b><i>Im Rahmen der Verordnung \u00fcber Online-Streitbeilegung zu Verbraucherangelegenheiten steht Ihnen unter&nbsp;<\/i>\n        <a href=\"http:\/\/ec.europa.eu\/consumers\/odr\/\" target=\"_blank\" rel=\"noopener\" class=\"u-active-none u-border-none u-btn u-button-style u-hover-none u-none u-text-palette-1-base u-btn-2\"><i>http:\/\/ec.europa.eu\/consumers\/odr\/<\/i>\n        <\/a><i>&nbsp;eine Online-Streitbeilegungsplattform der EU-Kommission zur Verf\u00fcgung.<br>Kontakt per Mail:&nbsp;<a href=\"mailto:schleicher@primmoplus.de\" class=\"u-active-none u-border-none u-btn u-button-style u-hover-none u-none u-text-palette-1-base u-btn-3\">schleicher@primmoplus.de<\/a><\/i>\n      <\/p>\n    <\/section>\n    <section class=\"u-clearfix u-section-2\" id=\"block-6\">\n      <div class=\"u-clearfix u-sheet u-valign-middle-xl u-sheet-1\">\n        <p class=\"u-custom-font u-font-montserrat u-text u-text-default u-text-1\"> HAFTUNGSAUSSCHLUSS<\/p>\n      <\/div>\n    <\/section>\n    <section class=\"u-clearfix u-white u-section-3\" id=\"sec-7f05\">\n      <div class=\"u-clearfix u-sheet u-valign-middle u-sheet-1\">\n        <h3 class=\"u-custom-font u-font-montserrat u-text u-text-1\"> Haftung f\u00fcr Inhalte<\/h3>\n        <p class=\"u-text u-text-2\"> Als Diensteanbieter sind wir gem\u00e4\u00df \u00a7 7 Abs.1 TMG f\u00fcr eigene Inhalte auf diesen Seiten nach denallgemeinen Gesetzen verantwortlich. Nach \u00a7\u00a7 8 bis 10 TMG sind wir als Diensteanbieter jedoch nichtverpflichtet, \u00fcbermittelte oder gespeicherte fremde Informationen zu \u00fcberwachen oder nach Umst\u00e4nden zuforschen, die auf eine rechtswidrige T\u00e4tigkeit hinweisen.Verpflichtungen zur Entfernung oder Sperrung der Nutzung von Informationen nach den allgemeinenGesetzen bleiben hiervon unber\u00fchrt. Eine diesbez\u00fcgliche Haftung ist jedoch erst ab dem Zeitpunkt derKenntnis einer konkreten Rechtsverletzung m\u00f6glich. Bei Bekanntwerden von entsprechendenRechtsverletzungen werden wir diese Inhalte umgehend entfernen.&nbsp;<\/p>\n      <\/div>\n    <\/section>\n    <section class=\"u-clearfix u-white u-section-4\" id=\"carousel_0404\">\n      <div class=\"u-clearfix u-sheet u-valign-middle u-sheet-1\">\n        <h3 class=\"u-custom-font u-font-montserrat u-text u-text-1\"> Haftung f\u00fcr Links<\/h3>\n        <p class=\"u-text u-text-2\"> Unser Angebot enth\u00e4lt Links zu externen Websites Dritter, auf deren Inhalte wir keinen Einfluss haben.Deshalb k\u00f6nnen wir f\u00fcr diese fremden Inhalte auch keine Gew\u00e4hr \u00fcbernehmen. F\u00fcr die Inhalte derverlinkten Seiten ist stets der jeweilige Anbieter oder Betreiber der Seiten verantwortlich. Die verlinktenSeiten wurden zum Zeitpunkt der Verlinkung auf m\u00f6gliche Rechtsverst\u00f6\u00dfe \u00fcberpr\u00fcft. Rechtswidrige Inhaltewaren zum Zeitpunkt der Verlinkung nicht erkennbar.Eine permanente inhaltliche Kontrolle der verlinkten Seiten ist jedoch ohne konkrete Anhaltspunkte einerRechtsverletzung nicht zumutbar. Bei Bekanntwerden von Rechtsverletzungen werden wir derartige Linksumgehend entfernen.&nbsp;<\/p>\n      <\/div>\n    <\/section>\n    <section class=\"u-clearfix u-white u-section-5\" id=\"carousel_b32a\">\n      <div class=\"u-clearfix u-sheet u-valign-middle u-sheet-1\">\n        <h3 class=\"u-custom-font u-font-montserrat u-text u-text-1\"> Urheberrecht<\/h3>\n        <p class=\"u-text u-text-2\"> Die durch die Seitenbetreiber erstellten Inhalte und Werke auf diesen Seiten unterliegen dem deutschen&nbsp;Urheberrecht. Die Vervielf\u00e4ltigung, Bearbeitung, Verbreitung und jede Art der Verwertung au\u00dferhalb derGrenzen des Urheberrechtes bed\u00fcrfen der schriftlichen Zustimmung des jeweiligen Autors bzw. Erstellers.Downloads und Kopien dieser Seite sind nur f\u00fcr den privaten, nicht kommerziellen Gebrauch gestattet.Soweit die Inhalte auf dieser Seite nicht vom Betreiber erstellt wurden, werden die Urheberrechte Dritterbeachtet. Insbesondere werden Inhalte Dritter als solche gekennzeichnet. Sollten Sie trotzdem auf eineUrheberrechtsverletzung aufmerksam werden, bitten wir um einen entsprechenden Hinweis. BeiBekanntwerden von Rechtsverletzungen werden wir derartige Inhalte umgehend entfernen.&nbsp;<\/p>\n      <\/div>\n    <\/section>\n    <section class=\"u-clearfix u-white u-section-6\" id=\"block-9\">\n      <div class=\"u-clearfix u-sheet u-valign-middle u-sheet-1\">\n        <h3 class=\"u-custom-font u-font-montserrat u-text u-text-1\">Newsletter<\/h3>\n        <p class=\"u-text u-text-2\">Bei Interesse senden wir Ihnen gerne unseren Newsletter zu. Dieser beinhaltet weitere Informationen zu unseren aktuellen Projekten und Immobilien. Die Wahl dieser Option bezieht sich nur auf Informationen per E-mail.<\/p>\n      <\/div>\n    <\/section>\n    <section class=\"u-clearfix u-white u-section-7\" id=\"block-8\">\n      <div class=\"u-clearfix u-sheet u-valign-middle-lg u-valign-middle-md u-valign-middle-sm u-valign-middle-xs u-sheet-1\">\n        <h3 class=\"u-text u-text-1\">Quellenangaben<\/h3>\n        <p class=\"u-text u-text-2\">Diese Webseite verwendet unter anderem Medien in Form von Bildern, Grafiken oder Videos aus folgenden Quellen:<br>\n          <br>Fotolia \u2013 de.fotolia.com<br>Namen der Fotografen\/K\u00fcnstler\/Autoren:<br>\u00a9 ARochau \u2013 Fotolia.com, \u00a9 Christian Schwier \u2013 Fotolia.com, \u00a9 Petro Feketa \u2013 Fotolia.com, \u00a9 ruslimonchyk \u2013 Fotolia.com, \u00a9 pressmaster \u2013 Fotolia.com, \u00a9 contrastwerkstatt \u2013 Fotolia.com, \u00a9 reinhard sester \u2013 Fotolia.com, \u00a9 photophonie \u2013 Fotolia.com, \u00a9 karin eichinger \u2013 Fotolia.com, \u00a9 Jenifoto \u2013 Fotolia.com, \u00a9 Christoph H\u00e4hnel \u2013 Fotolia.com, \u00a9 drubig-photo \u2013 Fotolia.com, \u00a9 Jeanette Dietl \u2013 Fotolia.com, \u00a9 MNStudio \u2013 Fotolia.com, \u00a9 World travel images \u2013 Fotolia.com, \u00a9 eyetronic \u2013 Fotolia.com, \u00a9 detailblick \u2013 Fotolia.com, \u00a9 Picture-Factory \u2013 Fotolia.com, \u00a9 ArTo \u2013 Fotolia.com, \u00a9 LaCozza \u2013 Fotolia.com, \u00a9 Eisenhans \u2013 Fotolia.com, \u00a9 Tiberius Gracchus \u2013 Fotolia.com, \u00a9 afitz \u2013 Fotolia.com, \u00a9 footage-clips \u2013 Fotolia.com, \u00a9 J\u00fcrgen F\u00e4lchle \u2013 Fotolia.com, \u00a9 Dan Race \u2013 Fotolia.com, \u00a9 Minerva Studio \u2013 Fotolia.com, \u00a9 Taras Livyy \u2013 Fotolia.com, \u00a9 Natis \u2013 Fotolia.com, \u00a9 eccolo \u2013 Fotolia.com, \u00a9 Fotowerk \u2013 Fotolia.com, \u00a9 WavebreakMediaMicro \u2013 Fotolia.com,&nbsp;\u00a9 archipoch \u2013 Fotolia.com,&nbsp;\u00a9 alinamd \u2013 Fotolia.com, \u00a9 Stefan Arendt \u2013 Fotolia.com, \u00a9 Andrea Huntemann \u2013 Fotolia.com, \u00a9 Simone Schuldis \u2013 Fotolia.com, \u00a9 Maksim Pasko \u2013 Fotolia.com, \u00a9 Konstiantyn \u2013 Fotolia.com, \u00a9 wrangler \u2013 Fotolia.com, \u00a9 XtravaganT \u2013 Fotolia.com, \u00a9 jacek_kadaj \u2013 Fotolia.com, \u00a9 Bialasiewicz \u2013 Fotolia.com, \u00a9 3darcastudio \u2013 Fotolia.com, \u00a9 ico00 \u2013 Fotolia.com \n        <\/p>\n      <\/div>\n    <\/section>\n    \n    \n    \n    \n    \n  \n","protected":false},"excerpt":{"rendered":"<p>Impressum Angaben gem\u00e4\u00df \u00a75 TGM Primmoplus GmbH &amp; Co. KG Weingartenstra\u00dfe 83\/277933 Lahr Gesch\u00e4ftsf\u00fchrer: Artur SchleicherGerichtsstand ist Freiburg im Breisgau\u2013 HRA 703036\u2013 HRB 708978 Umsatzsteueridentifikationsnummer: DE 815394510Berufskammer: Industrie- und Handelskammer in LahrBerufsaufsichtsbeh\u00f6rde:&nbsp;Landratsamt OrtenaukreisBadstra\u00dfe 2077652 Offenburg f\u00fcr den Inhalt verantwortlich: Artur SchleicherWeingartenstra\u00dfe 83\/277933 LahrKontaktTel: +49 (0) 781 94 85 88 \u2013 10Fax: +49 (0) 781 94 &hellip; <a href=\"https:\/\/primmoplusbau.de\/?page_id=53\" class=\"more-link\">Continue reading<span class=\"screen-reader-text\"> &#8222;impressum&#8220;<\/span><\/a><\/p>\n","protected":false},"author":1,"featured_media":0,"parent":0,"menu_order":3,"comment_status":"closed","ping_status":"closed","template":"","meta":{"footnotes":""},"class_list":["post-53","page","type-page","status-publish","hentry"],"_links":{"self":[{"href":"https:\/\/primmoplusbau.de\/index.php?rest_route=\/wp\/v2\/pages\/53","targetHints":{"allow":["GET"]}}],"collection":[{"href":"https:\/\/primmoplusbau.de\/index.php?rest_route=\/wp\/v2\/pages"}],"about":[{"href":"https:\/\/primmoplusbau.de\/index.php?rest_route=\/wp\/v2\/types\/page"}],"author":[{"embeddable":true,"href":"https:\/\/primmoplusbau.de\/index.php?rest_route=\/wp\/v2\/users\/1"}],"replies":[{"embeddable":true,"href":"https:\/\/primmoplusbau.de\/index.php?rest_route=%2Fwp%2Fv2%2Fcomments&post=53"}],"version-history":[{"count":1,"href":"https:\/\/primmoplusbau.de\/index.php?rest_route=\/wp\/v2\/pages\/53\/revisions"}],"predecessor-version":[{"id":61,"href":"https:\/\/primmoplusbau.de\/index.php?rest_route=\/wp\/v2\/pages\/53\/revisions\/61"}],"wp:attachment":[{"href":"https:\/\/primmoplusbau.de\/index.php?rest_route=%2Fwp%2Fv2%2Fmedia&parent=53"}],"curies":[{"name":"wp","href":"https:\/\/api.w.org\/{rel}","templated":true}]}}